991?
9
What is the units digit of 108875?
5
What is the hundred thousands digit of 4476958?
4
What is the tens digit of 2564055?
5
What is the thousands digit of 20130095?
0
What is the hundreds digit of 3655645?
6
What is the hundred thousands digit of 1042759?
0
What is the hundreds digit of 5031?
0
What is the thousands digit of 363326?
3
What is the thousands digit of 586798?
6
What is the units digit of 8622827?
7
What is the units digit of 145927?
7
What is the units digit of 9226299?
9
What is the ten thousands digit of 180367?
8
What is the hundreds digit of 1514498?
4
What is the millions digit of 11472987?
1
What is the hundreds digit of 260538?
5
What is the tens digit of 2742?
4
What is the hundred thousands digit of 1628467?
6
What is the millions digit of 2370287?
2
What is the units digit of 48687?
7
What is the tens digit of 42487?
8
What is the hundred thousands digit of 1972380?
9
What is the ten thousands digit of 1319273?
1
What is the units digit of 540666?
6
What is the thousands digit of 3012677?
2
What is the tens digit of 40546417?
1
What is the ten thousands digit of 102558?
0
What is the tens digit of 119595?
9
What is the hundred thousands digit of 110945?
1
What is the thousands digit of 735995?
5
What is the hundreds digit of 11136229?
2
What is the hundred thousands digit of 135169?
1
What is the tens digit of 490361?
6
What is the tens digit of 16349?
4
What is the hundred thousands digit of 26240100?
2
What is the tens digit of 9665238?
3
What is the thousands digit of 6882617?
2
What is the tens digit of 301682?
8
What is the hundred thousands digit of 2567370?
5
What is the hundred thousands digit of 105115?
1
What is the thousands digit of 43371?
3
What is the units digit of 223503?
3
What is the tens digit of 535514?
1
What is the hundred thousands digit of 823596?
8
What is the tens digit of 221579?
7
What is the thousands digit of 272449?
2
What is the hundreds digit of 81435?
4
What is the units digit of 51685?
5
What is the tens digit of 83033?
3
What is the hundred thousands digit of 18991620?
9
What is the ten thousands digit of 4864403?
6
What is the hundred thousands digit of 1570575?
5
What is the ten thousands digit of 108207?
0
What is the hundreds digit of 50500?
5
What is the hundreds digit of 22918294?
2
What is the thousands digit of 216280?
6
What is the thousands digit of 151935?
1
What is the hundreds digit of 411804?
8
What is the units digit of 85429?
9
What is the hundred thousands digit of 4387611?
3
What is the units digit of 1817368?
8
What is the hundred thousands digit of 6440490?
4
What is the tens digit of 36747906?
0
What is the hundreds digit of 28773?
7
What is the hundreds digit of 8341698?
6
What is the thousands digit of 96719?
6
What is the ten thousands digit of 174238?
7
What is the units digit of 2133118?
8
What is the units digit of 12779799?
9
What is the hundreds digit of 288351?
3
What is the units digit of 221742?
2
What is the millions digit of 19884263?
9
What is the millions digit of 6736159?
6
What is the hundreds digit of 34687?
6
What is the tens digit of 1143609?
0
What is the hundreds digit of 133957?
9
What is the ten thousands digit of 9740598?
4
What is the millions digit of 3902418?
3
What is the millions digit of 11297542?
1
What is the hundred thousands digit of 149461?
1
What is the hundreds digit of 110439?
4
What is the ten thousands digit of 367661?
6
What is the tens digit of 819267?
6
What is the units digit of 7491872?
2
What is the units digit of 768629?
9
What is the hundreds digit of 8255510?
5
What is the tens digit of 906243?
4
What is the tens digit of 25828101?
0
What is the millions digit of 1174045?
1
What is the thousands digit of 4592207?
2
What is the ten thousands digit of 13108429?
0
What is the tens digit of 12717396?
9
What is the units digit of 313308?
8
What is the thousands digit of 191529?
1
What is the thousands digit of 10158870?
8
What is the units digit of 78385?
5
What is the hundred thousands digit of 3982370?
9
What is the hundred thousands digit of 3862317?
8
What is the tens digit of 173641?
4
What is the units digit of 18390694?
4
What is the tens digit of 190500?
0
What is the hundred thousands digit of 1239519?
2
What is the hundred thousands digit of 7842411?
8
What is the units digit of 22662893?
3
What is the hundred thousands digit of 530589?
5
What is the tens digit of 1060116?
1
What is the thousands digit of 392088?
2
What is the ten thousands digit of 209233?
0
What is the units digit of 159292?
2
What is the tens digit of 72937?
3
What is the tens digit of 517651?
5
What is the hundred thousands digit of 851627?
8
What is the units digit of 8833279?
9
What is the millions digit of 6706747?
6
What is the hundred thousands digit of 1534113?
5
What is the tens digit of 35629173?
7
What is the units digit of 919654?
4
What is the hundreds digit of 926680?
6
What is the hundreds digit of 122176?
1
What is the tens digit of 8523610?
1
What is the ten thousands digit of 2854172?
5
What is the hundred thousands digit of 2601705?
6
What is the hundreds digit of 762276?
2
What is the hundred thousands digit of 158323?
1
What is the hundred thousands digit of 202384?
2
What is the hundreds digit of 207247?
2
What is the thousands digit of 217649?
7
What is the ten thousands digit of 370999?
7
What is the hundreds digit of 1483857?
8
What is the thousands digit of 508156?
8
What is the ten thousands digit of 2260009?
6
What is the tens digit of 183539?
3
What is the thousands digit of 144344?
4
What is the hundreds digit of 731572?
5
What is the units digit of 228031?
1
What is the thousands digit of 21228?
1
What is the units digit of 28845395?
5
What is the hundreds digit of 1188025?
0
What is the hundreds digit of 257933?
9
What is the units digit of 4139072?
2
What is the hundreds digit of 636?
6
What is the tens digit of 41897?
9
What is the hundreds digit of 18898082?
0
What is the hundred thousands digit of 463012?
4
What is the hundred thousands digit of 14418307?
4
What is the tens digit of 704759?
5
What is the thousands digit of 9028090?
8
What is the hundreds digit of 697556?
5
What is the thousands digit of 529385?
9
What is the thousands digit of 1469246?
9
What is the millions digit of 12779312?
2
What is the ten thousands digit of 4106280?
0
What is the tens digit of 1953450?
5
What is the tens digit of 1025478?
7
What is the hundred thousands digit of 8748884?
7
What is the hundreds digit of 31988?
9
What is the units digit of 125591?
1
What is the thousands digit of 422818?
2
What is the units digit of 245503?
3
What is the ten thousands digit of 18573?
1
What is the ten thousands digit of 1843729?
4
What is the hundred thousands digit of 269743?
2
What is the units digit of 57464?
4
What is the hundred thousands digit of 1409068?
4
What is the millions digit of 9992570?
9
What is the hundred thousands digit of 424136?
4
What is the tens digit of 202149?
4
What is the units digit of 456062?
2
What is the thousands digit of 33489?
3
What is the hundred thousands digit of 4342330?
3
What is the hundreds digit of 435948?
9
What is the hundred thousands digit of 29696275?
6
What is the hundred thousands digit of 4159925?
1
What is the hundreds digit of 4037316?
3
What is the hundreds digit of 35319017?
0
What is the units digit of 474401?
1
What is the hundred thousands digit of 4081461?
0
What is the hundreds digit of 2101620?
6
What is the hundred thousands digit of 1050874?
0
What is the millions digit of 1737079?
1
What is the units digit of 903805?
5
What is the hundreds digit of 231850?
8
What is the thousands digit of 14913365?
3
What is the hundred thousands digit of 3102740?
1
What is the thousands digit of 5693496?
3
What is the tens digit of 643164?
6
What is the ten thousands digit of 28083633?
8
What is the thousands digit of 4760309?
0
What is the ten millions digit of 16640940?
1
What is the hundred thousands digit of 5616593?
6
What is the tens digit of 2214885?
8
What is the units digit of 569962?
2
What is the thousands digit of 665295?
5
What is the hundreds digit of 40316?
3
What is the ten thousands digit of 3803747?
0
What is the hundreds digit of 6360400?
4
What is the tens 